{"id":140,"date":"2018-03-22T00:22:12","date_gmt":"2018-03-22T00:22:12","guid":{"rendered":"https:\/\/4jbs.de\/?page_id=140"},"modified":"2018-03-25T21:30:03","modified_gmt":"2018-03-25T21:30:03","slug":"eingangsflur","status":"publish","type":"page","link":"https:\/\/ferien-auf-eiderstedt.de\/?page_id=140","title":{"rendered":"Eingangsflur"},"content":{"rendered":"<p>In dem kleinen Flur befindet sich ein Einbauschrank mit Platz f\u00fcr zus\u00e4tzliche Handt\u00fccher, Bettw\u00e4sche und dergleichen. Au\u00dferdem k\u00f6nnen Sie hier Ihre Schuhe verstauen und Ihre Garderobe aufh\u00e4ngen. <a href=\"https:\/\/ferien-auf-eiderstedt.de\/?page_id=91\">Zur\u00fcck zum Grundriss.<\/a><\/p>\n<figure id=\"attachment_68\" aria-describedby=\"caption-attachment-68\" style=\"width: 201px\" class=\"wp-caption alignleft\"><a href=\"https:\/\/ferien-auf-eiderstedt.de\/wp-content\/uploads\/2018\/03\/Flur-2.jpg\"><img loading=\"lazy\" decoding=\"async\" class=\"wp-image-68 size-medium\" src=\"https:\/\/ferien-auf-eiderstedt.de\/wp-content\/uploads\/2018\/03\/Flur-2-201x300.jpg\" alt=\"\" width=\"201\" height=\"300\" srcset=\"https:\/\/ferien-auf-eiderstedt.de\/wp-content\/uploads\/2018\/03\/Flur-2-201x300.jpg 201w, https:\/\/ferien-auf-eiderstedt.de\/wp-content\/uploads\/2018\/03\/Flur-2-768x1148.jpg 768w, https:\/\/ferien-auf-eiderstedt.de\/wp-content\/uploads\/2018\/03\/Flur-2-685x1024.jpg 685w, https:\/\/ferien-auf-eiderstedt.de\/wp-content\/uploads\/2018\/03\/Flur-2.jpg 1285w\" sizes=\"auto, (max-width: 201px) 100vw, 201px\" \/><\/a><figcaption id=\"caption-attachment-68\" class=\"wp-caption-text\">Links geht es in die Wohnk\u00fcche und geradeaus ins Bad.<\/figcaption><\/figure>\n<figure id=\"attachment_42\" aria-describedby=\"caption-attachment-42\" style=\"width: 201px\" class=\"wp-caption alignleft\"><a href=\"https:\/\/ferien-auf-eiderstedt.de\/wp-content\/uploads\/2018\/03\/Flur-1.jpg\"><img loading=\"lazy\" decoding=\"async\" class=\"wp-image-42 size-medium\" src=\"https:\/\/ferien-auf-eiderstedt.de\/wp-content\/uploads\/2018\/03\/Flur-1-201x300.jpg\" alt=\"\" width=\"201\" height=\"300\" srcset=\"https:\/\/ferien-auf-eiderstedt.de\/wp-content\/uploads\/2018\/03\/Flur-1-201x300.jpg 201w, https:\/\/ferien-auf-eiderstedt.de\/wp-content\/uploads\/2018\/03\/Flur-1-768x1148.jpg 768w, https:\/\/ferien-auf-eiderstedt.de\/wp-content\/uploads\/2018\/03\/Flur-1-685x1024.jpg 685w, https:\/\/ferien-auf-eiderstedt.de\/wp-content\/uploads\/2018\/03\/Flur-1.jpg 1285w\" sizes=\"auto, (max-width: 201px) 100vw, 201px\" \/><\/a><figcaption id=\"caption-attachment-42\" class=\"wp-caption-text\">&#8230;und hier ins Freie.<\/figcaption><\/figure>\n","protected":false},"excerpt":{"rendered":"<p>In dem kleinen Flur befindet sich ein Einbauschrank mit Platz f\u00fcr zus\u00e4tzliche Handt\u00fccher, Bettw\u00e4sche und dergleichen. Au\u00dferdem k\u00f6nnen Sie hier Ihre Schuhe verstauen und Ihre Garderobe aufh\u00e4ngen. Zur\u00fcck zum Grundriss.<\/p>\n","protected":false},"author":1,"featured_media":0,"parent":91,"menu_order":5,"comment_status":"closed","ping_status":"closed","template":"","meta":{"footnotes":""},"class_list":["post-140","page","type-page","status-publish","hentry"],"_links":{"self":[{"href":"https:\/\/ferien-auf-eiderstedt.de\/index.php?rest_route=\/wp\/v2\/pages\/140","targetHints":{"allow":["GET"]}}],"collection":[{"href":"https:\/\/ferien-auf-eiderstedt.de\/index.php?rest_route=\/wp\/v2\/pages"}],"about":[{"href":"https:\/\/ferien-auf-eiderstedt.de\/index.php?rest_route=\/wp\/v2\/types\/page"}],"author":[{"embeddable":true,"href":"https:\/\/ferien-auf-eiderstedt.de\/index.php?rest_route=\/wp\/v2\/users\/1"}],"replies":[{"embeddable":true,"href":"https:\/\/ferien-auf-eiderstedt.de\/index.php?rest_route=%2Fwp%2Fv2%2Fcomments&post=140"}],"version-history":[{"count":1,"href":"https:\/\/ferien-auf-eiderstedt.de\/index.php?rest_route=\/wp\/v2\/pages\/140\/revisions"}],"predecessor-version":[{"id":272,"href":"https:\/\/ferien-auf-eiderstedt.de\/index.php?rest_route=\/wp\/v2\/pages\/140\/revisions\/272"}],"up":[{"embeddable":true,"href":"https:\/\/ferien-auf-eiderstedt.de\/index.php?rest_route=\/wp\/v2\/pages\/91"}],"wp:attachment":[{"href":"https:\/\/ferien-auf-eiderstedt.de\/index.php?rest_route=%2Fwp%2Fv2%2Fmedia&parent=140"}],"curies":[{"name":"wp","href":"https:\/\/api.w.org\/{rel}","templated":true}]}}

<p>In dem kleinen Flur befindet sich ein Einbauschrank mit Platz für zusätzliche Handtücher, Bettwäsche und dergleichen. Außerdem können Sie hier Ihre Schuhe verstauen und Ihre Garderobe aufhängen. <a href="https://ferien-auf-eiderstedt.de/?page_id=91">Zurück zum Grundriss.</a></p>
<figure id="attachment_68" aria-describedby="caption-attachment-68" style="width: 201px" class="wp-caption alignleft"><a href="https://ferien-auf-eiderstedt.de/wp-content/uploads/2018/03/Flur-2.jpg"><img loading="lazy" decoding="async" class="wp-image-68 size-medium" src="https://ferien-auf-eiderstedt.de/wp-content/uploads/2018/03/Flur-2-201x300.jpg" alt="" width="201" height="300" srcset="https://ferien-auf-eiderstedt.de/wp-content/uploads/2018/03/Flur-2-201x300.jpg 201w, https://ferien-auf-eiderstedt.de/wp-content/uploads/2018/03/Flur-2-768x1148.jpg 768w, https://ferien-auf-eiderstedt.de/wp-content/uploads/2018/03/Flur-2-685x1024.jpg 685w, https://ferien-auf-eiderstedt.de/wp-content/uploads/2018/03/Flur-2.jpg 1285w" sizes="auto, (max-width: 201px) 100vw, 201px" /></a><figcaption id="caption-attachment-68" class="wp-caption-text">Links geht es in die Wohnküche und geradeaus ins Bad.</figcaption></figure>
<figure id="attachment_42" aria-describedby="caption-attachment-42" style="width: 201px" class="wp-caption alignleft"><a href="https://ferien-auf-eiderstedt.de/wp-content/uploads/2018/03/Flur-1.jpg"><img loading="lazy" decoding="async" class="wp-image-42 size-medium" src="https://ferien-auf-eiderstedt.de/wp-content/uploads/2018/03/Flur-1-201x300.jpg" alt="" width="201" height="300" srcset="https://ferien-auf-eiderstedt.de/wp-content/uploads/2018/03/Flur-1-201x300.jpg 201w, https://ferien-auf-eiderstedt.de/wp-content/uploads/2018/03/Flur-1-768x1148.jpg 768w, https://ferien-auf-eiderstedt.de/wp-content/uploads/2018/03/Flur-1-685x1024.jpg 685w, https://ferien-auf-eiderstedt.de/wp-content/uploads/2018/03/Flur-1.jpg 1285w" sizes="auto, (max-width: 201px) 100vw, 201px" /></a><figcaption id="caption-attachment-42" class="wp-caption-text">&#8230;und hier ins Freie.</figcaption></figure>

<p>In dem kleinen Flur befindet sich ein Einbauschrank mit Platz für zusätzliche Handtücher, Bettwäsche und dergleichen. Außerdem können Sie hier Ihre Schuhe verstauen und Ihre Garderobe aufhängen. Zurück zum Grundriss.</p>
