{"id":168,"date":"2018-03-22T11:07:48","date_gmt":"2018-03-22T11:07:48","guid":{"rendered":"https:\/\/4jbs.de\/?page_id=168"},"modified":"2025-11-04T10:33:07","modified_gmt":"2025-11-04T10:33:07","slug":"interessiert","status":"publish","type":"page","link":"https:\/\/ferien-auf-eiderstedt.de\/?page_id=168","title":{"rendered":"Interessiert?"},"content":{"rendered":"\n<p>Wenn Sie gerne ihre Ferien oder ein verl\u00e4ngertes Wochenende hier verbringen m\u00f6chten, nennen Sie uns einfach ihren zeitlichen Rahmen und wir reservieren unsere Ferienwohnung f\u00fcr Sie. <\/p>\n\n\n\n<figure class=\"wp-block-image alignleft is-resized\"><a href=\"https:\/\/ferien-auf-eiderstedt.de\/wp-content\/uploads\/2020\/10\/Kloentuer-scaled.jpg\"><img loading=\"lazy\" decoding=\"async\" width=\"954\" height=\"1024\" src=\"https:\/\/ferien-auf-eiderstedt.de\/wp-content\/uploads\/2020\/10\/Kloentuer-954x1024.jpg\" alt=\"\" class=\"wp-image-382\" style=\"width:382px;height:auto\" srcset=\"https:\/\/ferien-auf-eiderstedt.de\/wp-content\/uploads\/2020\/10\/Kloentuer-954x1024.jpg 954w, https:\/\/ferien-auf-eiderstedt.de\/wp-content\/uploads\/2020\/10\/Kloentuer-280x300.jpg 280w, https:\/\/ferien-auf-eiderstedt.de\/wp-content\/uploads\/2020\/10\/Kloentuer-768x824.jpg 768w, https:\/\/ferien-auf-eiderstedt.de\/wp-content\/uploads\/2020\/10\/Kloentuer-1431x1536.jpg 1431w, https:\/\/ferien-auf-eiderstedt.de\/wp-content\/uploads\/2020\/10\/Kloentuer-1908x2048.jpg 1908w\" sizes=\"auto, (max-width: 954px) 100vw, 954px\" \/><\/a><figcaption class=\"wp-element-caption\">Blick durch die Kl\u00f6nt\u00fcr<\/figcaption><\/figure>\n\n\n\n<p><strong>Hier nun unsere Preise und Konditionen unver\u00e4ndert bis 30.06.2026<\/strong><\/p>\n\n\n\n<p>Wir berechnen <strong>pro \u00dcbernachtung 60 EUR<\/strong>, egal ob Sie eine Nacht oder vier Wochen bleiben. <strong>Zuz\u00fcglich einer einmaligen Servicepauschale in H\u00f6he von 60 EUR <\/strong>f\u00fcr Bettw\u00e4sche, Handt\u00fccher und Endreinigung. Sofern Sie nach Absprache ein <em>kleines<\/em> Haustier mitbringen, erh\u00f6ht sich diese Pauschale auf 90 EUR.  Ein Internetzugang \u00fcber z\u00fcgiges WLAN ist im Preis enthalten.<\/p>\n\n\n\n<p>Wir erheben eine <strong>Anzahlung<\/strong> in H\u00f6he von 10% des Gesamtpreises, die mit der Buchung f\u00e4llig wird. Weitere 40% werden 4 Wochen vor dem ersten \u00dcbernachtungstag, die restlichen 50% am ersten \u00dcbernachtungstag f\u00e4llig. Bei Reiser\u00fccktritt aus pers\u00f6nlichen Gr\u00fcnden fallen Stornierungsgeb\u00fchren an. Details entnehmen Sie bitte unserer Buchungsbest\u00e4tigung, die Sie per E-Mail kurz nach Ihrer Anfrage erhalten. Wenn alles ok ist, best\u00e4tigen Sie Ihr Einverst\u00e4ndnis per Reply.<\/p>\n\n\n\n<p>Ihre Anreise kann jeweils ab 16:00 erfolgen, die Abreise erbitten wir bis 11:00. Gerne ber\u00fccksichtigen wir jedoch Ihre Reiseplanung soweit dies machbar ist. Nach R\u00fccksprache und M\u00f6glichkeit holen wir Sie vom Husumer Bahnhof ab und bringen Sie nat\u00fcrlich auch wieder zur\u00fcck.<\/p>\n\n\n\n<p>Die Wohnung ist perfekt f\u00fcr zwei Personen, maximal vier Personen sind jedoch m\u00f6glich. Entsprechende Mengen an Bettw\u00e4sche und Handt\u00fcchern werden von uns gestellt.<\/p>\n\n\n\n<p>Bitte nehmen Sie R\u00fccksicht auf nachfolgende Mieter und verzichten Sie darauf, im Haus zu rauchen. Nutzen Sie die M\u00f6glichkeiten &#8222;drau\u00dfen&#8220;. Vielen Dank!<\/p>\n\n\n\n<p><a href=\"https:\/\/ferien-auf-eiderstedt.de\/?page_id=184\">M\u00f6chten Sie jetzt \u00fcberpr\u00fcfen, ob die Ferienwohnung zu Ihrem Wunschtermin frei ist?<\/a><\/p>\n","protected":false},"excerpt":{"rendered":"<p>Wenn Sie gerne ihre Ferien oder ein verl\u00e4ngertes Wochenende hier verbringen m\u00f6chten, nennen Sie uns einfach ihren zeitlichen Rahmen und wir reservieren unsere Ferienwohnung f\u00fcr Sie. Hier nun unsere Preise und Konditionen unver\u00e4ndert bis 30.06.2026 Wir berechnen pro \u00dcbernachtung 60<\/p>\n","protected":false},"author":1,"featured_media":0,"parent":0,"menu_order":5,"comment_status":"closed","ping_status":"closed","template":"","meta":{"footnotes":""},"class_list":["post-168","page","type-page","status-publish","hentry"],"_links":{"self":[{"href":"https:\/\/ferien-auf-eiderstedt.de\/index.php?rest_route=\/wp\/v2\/pages\/168","targetHints":{"allow":["GET"]}}],"collection":[{"href":"https:\/\/ferien-auf-eiderstedt.de\/index.php?rest_route=\/wp\/v2\/pages"}],"about":[{"href":"https:\/\/ferien-auf-eiderstedt.de\/index.php?rest_route=\/wp\/v2\/types\/page"}],"author":[{"embeddable":true,"href":"https:\/\/ferien-auf-eiderstedt.de\/index.php?rest_route=\/wp\/v2\/users\/1"}],"replies":[{"embeddable":true,"href":"https:\/\/ferien-auf-eiderstedt.de\/index.php?rest_route=%2Fwp%2Fv2%2Fcomments&post=168"}],"version-history":[{"count":21,"href":"https:\/\/ferien-auf-eiderstedt.de\/index.php?rest_route=\/wp\/v2\/pages\/168\/revisions"}],"predecessor-version":[{"id":443,"href":"https:\/\/ferien-auf-eiderstedt.de\/index.php?rest_route=\/wp\/v2\/pages\/168\/revisions\/443"}],"wp:attachment":[{"href":"https:\/\/ferien-auf-eiderstedt.de\/index.php?rest_route=%2Fwp%2Fv2%2Fmedia&parent=168"}],"curies":[{"name":"wp","href":"https:\/\/api.w.org\/{rel}","templated":true}]}}

<p>Wenn Sie gerne ihre Ferien oder ein verlängertes Wochenende hier verbringen möchten, nennen Sie uns einfach ihren zeitlichen Rahmen und wir reservieren unsere Ferienwohnung für Sie. </p>



<figure class="wp-block-image alignleft is-resized"><a href="https://ferien-auf-eiderstedt.de/wp-content/uploads/2020/10/Kloentuer-scaled.jpg"><img loading="lazy" decoding="async" width="954" height="1024" src="https://ferien-auf-eiderstedt.de/wp-content/uploads/2020/10/Kloentuer-954x1024.jpg" alt="" class="wp-image-382" style="width:382px;height:auto" srcset="https://ferien-auf-eiderstedt.de/wp-content/uploads/2020/10/Kloentuer-954x1024.jpg 954w, https://ferien-auf-eiderstedt.de/wp-content/uploads/2020/10/Kloentuer-280x300.jpg 280w, https://ferien-auf-eiderstedt.de/wp-content/uploads/2020/10/Kloentuer-768x824.jpg 768w, https://ferien-auf-eiderstedt.de/wp-content/uploads/2020/10/Kloentuer-1431x1536.jpg 1431w, https://ferien-auf-eiderstedt.de/wp-content/uploads/2020/10/Kloentuer-1908x2048.jpg 1908w" sizes="auto, (max-width: 954px) 100vw, 954px" /></a><figcaption class="wp-element-caption">Blick durch die Klöntür</figcaption></figure>



<p><strong>Hier nun unsere Preise und Konditionen unverändert bis 30.06.2026</strong></p>



<p>Wir berechnen <strong>pro Übernachtung 60 EUR</strong>, egal ob Sie eine Nacht oder vier Wochen bleiben. <strong>Zuzüglich einer einmaligen Servicepauschale in Höhe von 60 EUR </strong>für Bettwäsche, Handtücher und Endreinigung. Sofern Sie nach Absprache ein <em>kleines</em> Haustier mitbringen, erhöht sich diese Pauschale auf 90 EUR.  Ein Internetzugang über zügiges WLAN ist im Preis enthalten.</p>



<p>Wir erheben eine <strong>Anzahlung</strong> in Höhe von 10% des Gesamtpreises, die mit der Buchung fällig wird. Weitere 40% werden 4 Wochen vor dem ersten Übernachtungstag, die restlichen 50% am ersten Übernachtungstag fällig. Bei Reiserücktritt aus persönlichen Gründen fallen Stornierungsgebühren an. Details entnehmen Sie bitte unserer Buchungsbestätigung, die Sie per E-Mail kurz nach Ihrer Anfrage erhalten. Wenn alles ok ist, bestätigen Sie Ihr Einverständnis per Reply.</p>



<p>Ihre Anreise kann jeweils ab 16:00 erfolgen, die Abreise erbitten wir bis 11:00. Gerne berücksichtigen wir jedoch Ihre Reiseplanung soweit dies machbar ist. Nach Rücksprache und Möglichkeit holen wir Sie vom Husumer Bahnhof ab und bringen Sie natürlich auch wieder zurück.</p>



<p>Die Wohnung ist perfekt für zwei Personen, maximal vier Personen sind jedoch möglich. Entsprechende Mengen an Bettwäsche und Handtüchern werden von uns gestellt.</p>



<p>Bitte nehmen Sie Rücksicht auf nachfolgende Mieter und verzichten Sie darauf, im Haus zu rauchen. Nutzen Sie die Möglichkeiten &#8222;draußen&#8220;. Vielen Dank!</p>



<p><a href="https://ferien-auf-eiderstedt.de/?page_id=184">Möchten Sie jetzt überprüfen, ob die Ferienwohnung zu Ihrem Wunschtermin frei ist?</a></p>

<p>Wenn Sie gerne ihre Ferien oder ein verlängertes Wochenende hier verbringen möchten, nennen Sie uns einfach ihren zeitlichen Rahmen und wir reservieren unsere Ferienwohnung für Sie. Hier nun unsere Preise und Konditionen unverändert bis 30.06.2026 Wir berechnen pro Übernachtung 60</p>
