{"id":91,"date":"2018-03-21T20:51:54","date_gmt":"2018-03-21T20:51:54","guid":{"rendered":"https:\/\/4jbs.de\/?page_id=91"},"modified":"2018-05-16T13:29:58","modified_gmt":"2018-05-16T13:29:58","slug":"drinnen","status":"publish","type":"page","link":"https:\/\/ferien-auf-eiderstedt.de\/?page_id=91","title":{"rendered":"Die Zimmer"},"content":{"rendered":"<p>Lassen Sie uns zun\u00e4chst einen kleinen Rundgang machen: Wenn Sie in das Haus eintreten, stehen Sie in einem kleinen <a href=\"https:\/\/ferien-auf-eiderstedt.de\/?page_id=140\">Flur<\/a>. Geradeaus geht&#8217;s ins <a href=\"https:\/\/ferien-auf-eiderstedt.de\/?page_id=118\">Bad<\/a> und links in die ger\u00e4umige <a href=\"https:\/\/ferien-auf-eiderstedt.de\/?page_id=94\">Wohnk\u00fcche<\/a>, den zentralen Raum der Wohnung. Von hier aus gelangen Sie in <a href=\"https:\/\/ferien-auf-eiderstedt.de\/?page_id=59\">Wohn-<\/a> und <a href=\"https:\/\/ferien-auf-eiderstedt.de\/?page_id=107\">Schafzimmer<\/a>, die ihrerseits untereinander verbunden sind. Au\u00dferdem geht es durch einen <a href=\"https:\/\/ferien-auf-eiderstedt.de\/?page_id=142\">Nebenraum<\/a> direkt in den Garten. Je nach pers\u00f6nlichen Bedarf k\u00f6nnen Sie die T\u00fcren zwischen den R\u00e4umen nat\u00fcrlich geschlossen halten.<\/p>\n<p>Die Wohnung ist mit einer Gaszentralheizung f\u00fcr alle R\u00e4ume ausgestattet.<\/p>\n<p>Informationen und Bilder zu den einzelnen R\u00e4umen k\u00f6nnen Sie \u00fcber das Menu oder die direkten Links im Text oben erhalten.<\/p>\n<figure id=\"attachment_258\" aria-describedby=\"caption-attachment-258\" style=\"width: 750px\" class=\"wp-caption alignnone\"><a href=\"https:\/\/ferien-auf-eiderstedt.de\/wp-content\/uploads\/2018\/03\/Grundriss25.png\"><img loading=\"lazy\" decoding=\"async\" class=\"wp-image-258 size-large\" src=\"https:\/\/ferien-auf-eiderstedt.de\/wp-content\/uploads\/2018\/03\/Grundriss25-1024x495.png\" alt=\"\" width=\"750\" height=\"363\" srcset=\"https:\/\/ferien-auf-eiderstedt.de\/wp-content\/uploads\/2018\/03\/Grundriss25-1024x495.png 1024w, https:\/\/ferien-auf-eiderstedt.de\/wp-content\/uploads\/2018\/03\/Grundriss25-300x145.png 300w, https:\/\/ferien-auf-eiderstedt.de\/wp-content\/uploads\/2018\/03\/Grundriss25-768x371.png 768w, https:\/\/ferien-auf-eiderstedt.de\/wp-content\/uploads\/2018\/03\/Grundriss25.png 1242w\" sizes=\"auto, (max-width: 750px) 100vw, 750px\" \/><\/a><figcaption id=\"caption-attachment-258\" class=\"wp-caption-text\">Grundriss<\/figcaption><\/figure>\n","protected":false},"excerpt":{"rendered":"<p>Lassen Sie uns zun\u00e4chst einen kleinen Rundgang machen: Wenn Sie in das Haus eintreten, stehen Sie in einem kleinen Flur. Geradeaus geht&#8217;s ins Bad und links in die ger\u00e4umige Wohnk\u00fcche, den zentralen Raum der Wohnung. Von hier aus gelangen Sie<\/p>\n","protected":false},"author":1,"featured_media":0,"parent":0,"menu_order":3,"comment_status":"closed","ping_status":"closed","template":"","meta":{"footnotes":""},"class_list":["post-91","page","type-page","status-publish","hentry"],"_links":{"self":[{"href":"https:\/\/ferien-auf-eiderstedt.de\/index.php?rest_route=\/wp\/v2\/pages\/91","targetHints":{"allow":["GET"]}}],"collection":[{"href":"https:\/\/ferien-auf-eiderstedt.de\/index.php?rest_route=\/wp\/v2\/pages"}],"about":[{"href":"https:\/\/ferien-auf-eiderstedt.de\/index.php?rest_route=\/wp\/v2\/types\/page"}],"author":[{"embeddable":true,"href":"https:\/\/ferien-auf-eiderstedt.de\/index.php?rest_route=\/wp\/v2\/users\/1"}],"replies":[{"embeddable":true,"href":"https:\/\/ferien-auf-eiderstedt.de\/index.php?rest_route=%2Fwp%2Fv2%2Fcomments&post=91"}],"version-history":[{"count":8,"href":"https:\/\/ferien-auf-eiderstedt.de\/index.php?rest_route=\/wp\/v2\/pages\/91\/revisions"}],"predecessor-version":[{"id":281,"href":"https:\/\/ferien-auf-eiderstedt.de\/index.php?rest_route=\/wp\/v2\/pages\/91\/revisions\/281"}],"wp:attachment":[{"href":"https:\/\/ferien-auf-eiderstedt.de\/index.php?rest_route=%2Fwp%2Fv2%2Fmedia&parent=91"}],"curies":[{"name":"wp","href":"https:\/\/api.w.org\/{rel}","templated":true}]}}