{"id":94,"date":"2018-03-21T21:01:11","date_gmt":"2018-03-21T21:01:11","guid":{"rendered":"https:\/\/4jbs.de\/?page_id=94"},"modified":"2018-03-31T11:26:40","modified_gmt":"2018-03-31T11:26:40","slug":"die-wohnkueche","status":"publish","type":"page","link":"https:\/\/ferien-auf-eiderstedt.de\/?page_id=94","title":{"rendered":"Die Wohnk\u00fcche"},"content":{"rendered":"<p>Der zentrale Raum der Wohnung ist die gro\u00dfz\u00fcgige Wohnk\u00fcche. Hier trifft man sich zum kochen, essen und trinken, reden oder l\u00e4sst einfach den Blick schweifen.<\/p>\n<p>Der K\u00fcchenbereich verf\u00fcgt \u00fcber einen Herd mit Backofen und 4 Kochplatten, eine Sp\u00fclmaschine und Sp\u00fcle, einen K\u00fchlschrank sowie eine gro\u00dfe Arbeitsplatte mit Staur\u00e4umen. Geschirr und dergleichen finden Sie in der antiken Anrichte. Wenn Sie beim kochen oder essen gerne etwas Musik h\u00f6ren, k\u00f6nnen Sie den DAB+\/UKW-Empf\u00e4nger mit Anschluss f\u00fcr Ihre mobilen Ger\u00e4te benutzen. Der Esstisch mit vier St\u00fchlen steht direkt vor einem der Fenster. Von hier aus ist das Bild im Kopf dieser Seiten aufgenommen. Guten Appetit!<\/p>\n<p>Falls Sie uns in der k\u00fchlen Jahreszeit besuchen, gibt der &#8222;Hamburger&#8220; Kachelofen schnelle und wohltuende W\u00e4rme. Sie k\u00f6nnen nat\u00fcrlich auch einfach die Thermostate an den Heizk\u00f6rpern hochdrehen. Ganz nach Belieben. <a href=\"https:\/\/ferien-auf-eiderstedt.de\/?page_id=91\">Zur\u00fcck zum Grundriss.<\/a><\/p>\n<figure id=\"attachment_50\" aria-describedby=\"caption-attachment-50\" style=\"width: 370px\" class=\"wp-caption alignleft\"><a href=\"https:\/\/ferien-auf-eiderstedt.de\/wp-content\/uploads\/2018\/03\/Wohnk\u00fcche-6.jpg\"><img loading=\"lazy\" decoding=\"async\" class=\"wp-image-50\" src=\"http:\/\/ferien-auf-eiderstedt.de\/wp-content\/uploads\/2018\/03\/Wohnk\u00fcche-6-300x201.jpg\" alt=\"\" width=\"370\" height=\"248\" srcset=\"https:\/\/ferien-auf-eiderstedt.de\/wp-content\/uploads\/2018\/03\/Wohnk\u00fcche-6-300x201.jpg 300w, https:\/\/ferien-auf-eiderstedt.de\/wp-content\/uploads\/2018\/03\/Wohnk\u00fcche-6-768x514.jpg 768w, https:\/\/ferien-auf-eiderstedt.de\/wp-content\/uploads\/2018\/03\/Wohnk\u00fcche-6-1024x685.jpg 1024w, https:\/\/ferien-auf-eiderstedt.de\/wp-content\/uploads\/2018\/03\/Wohnk\u00fcche-6.jpg 1920w\" sizes=\"auto, (max-width: 370px) 100vw, 370px\" \/><\/a><figcaption id=\"caption-attachment-50\" class=\"wp-caption-text\">Hier wird gekocht<\/figcaption><\/figure>\n<figure id=\"attachment_47\" aria-describedby=\"caption-attachment-47\" style=\"width: 370px\" class=\"wp-caption alignleft\"><a href=\"https:\/\/ferien-auf-eiderstedt.de\/wp-content\/uploads\/2018\/03\/Wohnk\u00fcche-3.jpg\"><img loading=\"lazy\" decoding=\"async\" class=\"wp-image-47\" src=\"http:\/\/ferien-auf-eiderstedt.de\/wp-content\/uploads\/2018\/03\/Wohnk\u00fcche-3-300x201.jpg\" alt=\"\" width=\"370\" height=\"248\" srcset=\"https:\/\/ferien-auf-eiderstedt.de\/wp-content\/uploads\/2018\/03\/Wohnk\u00fcche-3-300x201.jpg 300w, https:\/\/ferien-auf-eiderstedt.de\/wp-content\/uploads\/2018\/03\/Wohnk\u00fcche-3-768x514.jpg 768w, https:\/\/ferien-auf-eiderstedt.de\/wp-content\/uploads\/2018\/03\/Wohnk\u00fcche-3-1024x685.jpg 1024w, https:\/\/ferien-auf-eiderstedt.de\/wp-content\/uploads\/2018\/03\/Wohnk\u00fcche-3.jpg 1920w\" sizes=\"auto, (max-width: 370px) 100vw, 370px\" \/><\/a><figcaption id=\"caption-attachment-47\" class=\"wp-caption-text\">&#8230;und gegessen<\/figcaption><\/figure>\n<figure id=\"attachment_75\" aria-describedby=\"caption-attachment-75\" style=\"width: 370px\" class=\"wp-caption alignleft\"><a href=\"https:\/\/ferien-auf-eiderstedt.de\/wp-content\/uploads\/2018\/03\/Wohnk\u00fcche-8.jpg\"><img loading=\"lazy\" decoding=\"async\" class=\"wp-image-75\" src=\"http:\/\/ferien-auf-eiderstedt.de\/wp-content\/uploads\/2018\/03\/Wohnk\u00fcche-8-300x201.jpg\" alt=\"\" width=\"370\" height=\"248\" srcset=\"https:\/\/ferien-auf-eiderstedt.de\/wp-content\/uploads\/2018\/03\/Wohnk\u00fcche-8-300x201.jpg 300w, https:\/\/ferien-auf-eiderstedt.de\/wp-content\/uploads\/2018\/03\/Wohnk\u00fcche-8-768x514.jpg 768w, https:\/\/ferien-auf-eiderstedt.de\/wp-content\/uploads\/2018\/03\/Wohnk\u00fcche-8-1024x685.jpg 1024w, https:\/\/ferien-auf-eiderstedt.de\/wp-content\/uploads\/2018\/03\/Wohnk\u00fcche-8.jpg 1920w\" sizes=\"auto, (max-width: 370px) 100vw, 370px\" \/><\/a><figcaption id=\"caption-attachment-75\" class=\"wp-caption-text\">Arbeitsplatte, Anrichte und Esstisch<\/figcaption><\/figure>\n","protected":false},"excerpt":{"rendered":"<p>Der zentrale Raum der Wohnung ist die gro\u00dfz\u00fcgige Wohnk\u00fcche. Hier trifft man sich zum kochen, essen und trinken, reden oder l\u00e4sst einfach den Blick schweifen. Der K\u00fcchenbereich verf\u00fcgt \u00fcber einen Herd mit Backofen und 4 Kochplatten, eine Sp\u00fclmaschine und Sp\u00fcle,<\/p>\n","protected":false},"author":1,"featured_media":0,"parent":91,"menu_order":1,"comment_status":"closed","ping_status":"closed","template":"","meta":{"footnotes":""},"class_list":["post-94","page","type-page","status-publish","hentry"],"_links":{"self":[{"href":"https:\/\/ferien-auf-eiderstedt.de\/index.php?rest_route=\/wp\/v2\/pages\/94","targetHints":{"allow":["GET"]}}],"collection":[{"href":"https:\/\/ferien-auf-eiderstedt.de\/index.php?rest_route=\/wp\/v2\/pages"}],"about":[{"href":"https:\/\/ferien-auf-eiderstedt.de\/index.php?rest_route=\/wp\/v2\/types\/page"}],"author":[{"embeddable":true,"href":"https:\/\/ferien-auf-eiderstedt.de\/index.php?rest_route=\/wp\/v2\/users\/1"}],"replies":[{"embeddable":true,"href":"https:\/\/ferien-auf-eiderstedt.de\/index.php?rest_route=%2Fwp%2Fv2%2Fcomments&post=94"}],"version-history":[{"count":4,"href":"https:\/\/ferien-auf-eiderstedt.de\/index.php?rest_route=\/wp\/v2\/pages\/94\/revisions"}],"predecessor-version":[{"id":333,"href":"https:\/\/ferien-auf-eiderstedt.de\/index.php?rest_route=\/wp\/v2\/pages\/94\/revisions\/333"}],"up":[{"embeddable":true,"href":"https:\/\/ferien-auf-eiderstedt.de\/index.php?rest_route=\/wp\/v2\/pages\/91"}],"wp:attachment":[{"href":"https:\/\/ferien-auf-eiderstedt.de\/index.php?rest_route=%2Fwp%2Fv2%2Fmedia&parent=94"}],"curies":[{"name":"wp","href":"https:\/\/api.w.org\/{rel}","templated":true}]}}

Die Wohnküche

<p>Der zentrale Raum der Wohnung ist die großzügige Wohnküche. Hier trifft man sich zum kochen, essen und trinken, reden oder lässt einfach den Blick schweifen.</p>
<p>Der Küchenbereich verfügt über einen Herd mit Backofen und 4 Kochplatten, eine Spülmaschine und Spüle, einen Kühlschrank sowie eine große Arbeitsplatte mit Stauräumen. Geschirr und dergleichen finden Sie in der antiken Anrichte. Wenn Sie beim kochen oder essen gerne etwas Musik hören, können Sie den DAB+/UKW-Empfänger mit Anschluss für Ihre mobilen Geräte benutzen. Der Esstisch mit vier Stühlen steht direkt vor einem der Fenster. Von hier aus ist das Bild im Kopf dieser Seiten aufgenommen. Guten Appetit!</p>
<p>Falls Sie uns in der kühlen Jahreszeit besuchen, gibt der &#8222;Hamburger&#8220; Kachelofen schnelle und wohltuende Wärme. Sie können natürlich auch einfach die Thermostate an den Heizkörpern hochdrehen. Ganz nach Belieben. <a href="https://ferien-auf-eiderstedt.de/?page_id=91">Zurück zum Grundriss.</a></p>
<figure id="attachment_50" aria-describedby="caption-attachment-50" style="width: 370px" class="wp-caption alignleft"><a href="https://ferien-auf-eiderstedt.de/wp-content/uploads/2018/03/Wohnküche-6.jpg"><img loading="lazy" decoding="async" class="wp-image-50" src="http://ferien-auf-eiderstedt.de/wp-content/uploads/2018/03/Wohnküche-6-300x201.jpg" alt="" width="370" height="248" srcset="https://ferien-auf-eiderstedt.de/wp-content/uploads/2018/03/Wohnküche-6-300x201.jpg 300w, https://ferien-auf-eiderstedt.de/wp-content/uploads/2018/03/Wohnküche-6-768x514.jpg 768w, https://ferien-auf-eiderstedt.de/wp-content/uploads/2018/03/Wohnküche-6-1024x685.jpg 1024w, https://ferien-auf-eiderstedt.de/wp-content/uploads/2018/03/Wohnküche-6.jpg 1920w" sizes="auto, (max-width: 370px) 100vw, 370px" /></a><figcaption id="caption-attachment-50" class="wp-caption-text">Hier wird gekocht</figcaption></figure>
<figure id="attachment_47" aria-describedby="caption-attachment-47" style="width: 370px" class="wp-caption alignleft"><a href="https://ferien-auf-eiderstedt.de/wp-content/uploads/2018/03/Wohnküche-3.jpg"><img loading="lazy" decoding="async" class="wp-image-47" src="http://ferien-auf-eiderstedt.de/wp-content/uploads/2018/03/Wohnküche-3-300x201.jpg" alt="" width="370" height="248" srcset="https://ferien-auf-eiderstedt.de/wp-content/uploads/2018/03/Wohnküche-3-300x201.jpg 300w, https://ferien-auf-eiderstedt.de/wp-content/uploads/2018/03/Wohnküche-3-768x514.jpg 768w, https://ferien-auf-eiderstedt.de/wp-content/uploads/2018/03/Wohnküche-3-1024x685.jpg 1024w, https://ferien-auf-eiderstedt.de/wp-content/uploads/2018/03/Wohnküche-3.jpg 1920w" sizes="auto, (max-width: 370px) 100vw, 370px" /></a><figcaption id="caption-attachment-47" class="wp-caption-text">&#8230;und gegessen</figcaption></figure>
<figure id="attachment_75" aria-describedby="caption-attachment-75" style="width: 370px" class="wp-caption alignleft"><a href="https://ferien-auf-eiderstedt.de/wp-content/uploads/2018/03/Wohnküche-8.jpg"><img loading="lazy" decoding="async" class="wp-image-75" src="http://ferien-auf-eiderstedt.de/wp-content/uploads/2018/03/Wohnküche-8-300x201.jpg" alt="" width="370" height="248" srcset="https://ferien-auf-eiderstedt.de/wp-content/uploads/2018/03/Wohnküche-8-300x201.jpg 300w, https://ferien-auf-eiderstedt.de/wp-content/uploads/2018/03/Wohnküche-8-768x514.jpg 768w, https://ferien-auf-eiderstedt.de/wp-content/uploads/2018/03/Wohnküche-8-1024x685.jpg 1024w, https://ferien-auf-eiderstedt.de/wp-content/uploads/2018/03/Wohnküche-8.jpg 1920w" sizes="auto, (max-width: 370px) 100vw, 370px" /></a><figcaption id="caption-attachment-75" class="wp-caption-text">Arbeitsplatte, Anrichte und Esstisch</figcaption></figure>

<p>Der zentrale Raum der Wohnung ist die großzügige Wohnküche. Hier trifft man sich zum kochen, essen und trinken, reden oder lässt einfach den Blick schweifen. Der Küchenbereich verfügt über einen Herd mit Backofen und 4 Kochplatten, eine Spülmaschine und Spüle,</p>
